ded by 666?
574
What is the remainder when 142261449 is divided by 60?
9
Calculate the remainder when 112095143 is divided by 43.
34
Calculate the remainder when 29457 is divided by 28946.
511
Calculate the remainder when 103192350 is divided by 8.
6
Calculate the remainder when 2850002 is divided by 594.
584
What is the remainder when 494610 is divided by 109?
77
What is the remainder when 903419 is divided by 11582?
23
What is the remainder when 184200 is divided by 182786?
1414
Calculate the remainder when 6160508 is divided by 1930.
1878
Calculate the remainder when 474050 is divided by 157981.
107
Calculate the remainder when 140480326 is divided by 17.
10
Calculate the remainder when 580314478 is divided by 22.
18
Calculate the remainder when 267105526 is divided by 89035172.
10
What is the remainder when 791793 is divided by 23?
18
What is the remainder when 85112 is divided by 25?
12
What is the remainder when 84844330 is divided by 1371?
1366
What is the remainder when 202368 is divided by 1478?
1360
What is the remainder when 581808 is divided by 145398?
216
Calculate the remainder when 47485117 is divided by 220861.
2
What is the remainder when 7215530 is divided by 61148?
66
What is the remainder when 675219 is divided by 337587?
45
What is the remainder when 1862369 is divided by 122?
39
What is the remainder when 533024 is divided by 3601?
76
What is the remainder when 22059 is divided by 2176?
299
What is the remainder when 195693467 is divided by 8706?
8705
What is the remainder when 40710091 is divided by 467932?
7
Calculate the remainder when 7177212 is divided by 1198.
1192
Calculate the remainder when 40927770 is divided by 12.
6
Calculate the remainder when 3629998 is divided by 34.
22
Calculate the remainder when 877771 is divided by 16936.
14035
Calculate the remainder when 281385365 is divided by 44.
41
What is the remainder when 43727 is divided by 1185?
1067
What is the remainder when 349570 is divided by 349559?
11
What is the remainder when 1501879 is divided by 500621?
16
Calculate the remainder when 9119 is divided by 7585.
1534
What is the remainder when 497404 is divided by 27619?
262
What is the remainder when 666751998 is divided by 40?
38
What is the remainder when 16801067 is divided by 6646?
6625
What is the remainder when 1620168 is divided by 1019?
977
What is the remainder when 237780 is divided by 563?
194
What is the remainder when 393502 is divided by 236?
90
What is the remainder when 484000 is divided by 398?
32
Calculate the remainder when 701328 is divided by 38960.
48
What is the remainder when 1070727 is divided by 11766?
21
What is the remainder when 171079 is divided by 490?
69
Calculate the remainder when 3941600 is divided by 2619.
5
What is the remainder when 5794461 is divided by 422?
401
Calculate the remainder when 11840251 is divided by 4413.
172
What is the remainder when 2786038 is divided by 4260?
4258
What is the remainder when 17967595 is divided by 528458?
23
Calculate the remainder when 909171 is divided by 4.
3
Calculate the remainder when 1920671 is divided by 39.
38
Calculate the remainder when 11357 is divided by 713.
662
Calculate the remainder when 164303 is divided by 77.
62
Calculate the remainder when 23477 is divided by 2797.
1101
Calculate the remainder when 2931682 is divided by 149.
107
What is the remainder when 5473446 is divided by 4931?
36
What is the remainder when 76527252 is divided by 662?
52
Calculate the remainder when 20077334 is divided by 146.
144
What is the remainder when 3907400 is divided by 56?
0
What is the remainder when 58315 is divided by 325?
140
Calculate the remainder when 19775474 is divided by 159479.
78
What is the remainder when 600579 is divided by 1536?
3
What is the remainder when 4699245 is divided by 2?
1
Calculate the remainder when 130853923 is divided by 5.
3
Calculate the remainder when 5044031 is divided by 3889.
3887
Calculate the remainder when 7879263 is divided by 214.
211
Calculate the remainder when 60515 is divided by 1986.
935
What is the remainder when 13644296 is divided by 135092?
4
Calculate the remainder when 141214 is divided by 70509.
196
What is the remainder when 15689530 is divided by 3968?
58
Calculate the remainder when 703515 is divided by 5.
0
What is the remainder when 65239 is divided by 32573?
93
What is the remainder when 471003 is divided by 671?
632
Calculate the remainder when 12566828 is divided by 78.
14
Calculate the remainder when 24156 is divided by 5844.
780
What is the remainder when 214622 is divided by 925?
22
What is the remainder when 215661 is divided by 100645?
14371
What is the remainder when 25146446 is divided by 59?
56
What is the remainder when 391795 is divided by 55967?
26
What is the remainder when 4478397 is divided by 5605?
2
What is the remainder when 40096472 is divided by 16?
8
Calculate the remainder when 13300 is divided by 3407.
3079
Calculate the remainder when 39643665 is divided by 108.
105
What is the remainder when 6387112 is divided by 1178?
1174
What is the remainder when 90709508 is divided by 707?
701
Calculate the remainder when 385404 is divided by 112.
12
What is the remainder when 9805646 is divided by 2685?
26
What is the remainder when 10283446 is divided by 1177?
1174
What is the remainder when 4681415 is divided by 524?
523
Calculate the remainder when 19697577 is divided by 3780.
3777
What is the remainder when 32791 is divided by 3980?
951
Calculate the remainder when 342258 is divided by 68442.
48
What is the remainder when 207129687 is divided by 45?
42
Calculate the remainder when 359119 is divided by 6191.
41
What is the remainder when 28187 is divided by 510?
137
What is the remainder when 84358 is divided by 41244?
1870
What is the remainder when 29290290 is divided by 2?
0
What is the remainder when 147447 is divided by 28691?
3992
Calculate the remainder when 25048 is divided by 2749.
307
Calculate the remainder when 100164 is divided by 24426.
2460
Calculate the remainder when 8237769 is divided by 13.
7
Calculate the remainder when 411563 is divided by 102863.
111
Calculate the remainder when 58120218 is divided by 29060109.
0
What is the remainder when 9890639 is divided by 31005?
44
What is the remainder when 17965114 is divided by 408297?
46
What is the remainder when 314891 is divided by 16543?
574
What is the remainder when 150336 is divided by 4847?
79
What is the remainder when 11989525 is divided by 5994529?
467
Calculate the remainder when 859112 is divided by 214743.
140
What is the remainder when 110500 is divided by 921?
901
Calculate the remainder when 316936592 is divided by 1098.
1088
What is the remainder when 1612639 is divided by 268735?
229
What is the remainder when 3150449 is divided by 474?
245
What is the remainder when 3017561 is divided by 2064?
2057
Calculate the remainder when 27614 is divided by 19.
7
What is the remainder when 3604985 is divided by 401?
396
What is the remainder when 2093528 is divided by 1463?
1438
Calculate the remainder when 8297694 is divided by 300.
294
What is the remainder when 12945881 is divided by 1249?
1245
Calculate the remainder when 1848629 is divided by 21007.
13
Calculate the remainder when 57354 is divided by 14337.
6
Calculate the remainder when 16374 is divided by 1628.
94
Calculate the remainder when 1485072 is divided by 45002.
6
What is the remainder when 3151234 is divided by 486?
10
Calculate the remainder when 2335955 is divided by 13.
11
What is the remainder when 29518 is divided by 5672?
1158
What is the remainder when 27270645 is divided by 166?
165
What is the remainder when 50882183 is divided by 2424?
2423
Calculate the remainder when 56453 is divided by 2454.
11
What is the remainder when 1295529 is divided by 1430?
1379
What is the remainder when 236186467 is divided by 94?
93
Calculate the remainder when 8157217 is divided by 49.
40
What is the remainder when 248074188 is divided by 91?
89
What is the remainder when 1435811 is divided by 7040?
6691
What is the remainder when 9482670 is divided by 15?
0
Calculate the remainder when 13298835 is divided by 14.
11
Calculate the remainder when 13555334 is divided by 201.
95
What is the remainder when 1449626 is di